en 10 is divided by x?
4
What is the remainder when 94 is divided by -2 + 17*2 + 0/7?
30
Suppose -2*z = -6*z + 136. What is the remainder when z is divided by 12?
10
Let h(f) = -f**2 + 13*f + 14. Calculate the remainder when h(12) is divided by 15.
11
Let x = -14 - -28. Calculate the remainder when 27 is divided by x.
13
Let d = 2 + -1. Let a(w) = -w**3 + 13*w**2 - 22*w + 6. Let y be a(11). What is the remainder when 9 is divided by y/(-2 - -4)*d?
0
Let l(s) = s**2 - 2*s - 2. Let r(g) = -g**2 + 9*g - 2. Let m be r(9). Calculate the remainder when 21 is divided by l(m).
3
Suppose -20 = -0*j - 4*j. Suppose j*c + 0*g - 330 = -2*g, g = -c + 69. Calculate the remainder when c is divided by 22.
20
Suppose 0 = -3*j + 5*p + 13, 4*p + 5 = -2*j - j. Let b(a) = 22*a**2 + 1. Suppose 8*r = 7*r + 12. What is the remainder when b(j) is divided by r?
11
Calculate the remainder when 20 is divided by -4*5/((-20)/7).
6
Suppose -2 = 2*d - 5*h - 5, 41 = 4*d - 3*h. What is the remainder when 25 is divided by d?
11
Suppose 5*m + l = 89, 0 = 2*m - 4*l + 9*l - 54. What is the remainder when 117 is divided by m?
15
Let l(i) = i + 23. What is the remainder when 42 is divided by l(-12)?
9
Let b = -9 - 0. What is the remainder when 16 - b/3 - 0 is divided by 11?
8
Let z be (-3)/(-18)*106*-6. Calculate the remainder when (1/(-3))/(1/(-27)) is divided by 6/33 - z/22.
4
Suppose -11*n + 155 = 34. Suppose -2*c = 3*v - 8, 3*v - 5*c = 24 - 2. What is the remainder when n is divided by v?
3
Let v(d) = d**2 + 4*d + 2. Let s = -9 - 0. Calculate the remainder when v(s) is divided by 24.
23
Let h(i) = i**2 + i - 14. Let v be h(0). Let w = v + 34. Suppose 4*p - 65 = -4*m + 15, m - w = -2*p. What is the remainder when m is divided by 11?
9
Let o(y) = y**3 - 10*y**2 + 8*y + 13. Let m be o(9). Suppose 5*i - 401 = 3*n, -2*i - m*n + 340 = 2*i. Calculate the remainder when i is divided by 21.
19
Let g = 31 + 26. Suppose -3*i = -q - 23, 0 = -2*i - 3*i - 3*q + g. What is the remainder when 46 is divided by 2*(-12)/i*-6?
14
Suppose 0 = m - 3*m + 16. Let o(u) = u**3 - 8*u**2 + 7*u + 3. Let x be o(7). Let l(t) = t + 2. Calculate the remainder when m is divided by l(x).
3
Let i(t) = -t**2 + t + 3. Let x be i(0). Suppose -x*l = -l - 34. What is the remainder when l is divided by -2 + 6 + (1 - 0)?
2
Suppose -2*i = -0*i - 104. Let w = -40 - -73. Let u = i - w. What is the remainder when u is divided by 10?
9
Let w = -8 + 13. Suppose -t - 1 - 3 = 0, w*f - t - 14 = 0. Calculate the remainder when (-1 + f)/(1/19) is divided by 7.
5
Let z(c) = -c**3 + 3*c**2 + 2*c + 4. What is the remainder when ((-19)/(-2))/(3/6) is divided by z(3)?
9
Suppose -o - 2*o = -4*v + 42, -v - 5*o - 1 = 0. Calculate the remainder when v is divided by 5.
4
Suppose 10 = 4*h - 38. Suppose -3*l + 161 = 26. Calculate the remainder when l is divided by h.
9
Suppose -z + 2*z - 4 = 0. Suppose 170 = z*j - 54. What is the remainder when j is divided by 19?
18
Let t(b) = b**3 - 11*b**2 + 2*b - 7. Calculate the remainder when 25 is divided by t(11).
10
Let x = -30 + 42. What is the remainder when 45 is divided by x?
9
Let p = -166 + 248. Suppose -2*t + 55 + 27 = -z, -4*z - p = -2*t. What is the remainder when t is divided by 11?
8
Let t be 752/22 - (-4)/(-22). Suppose 2*w = 7*w - 120. Suppose z - w = -2*f, 8*z = 5*f + 4*z - t. Calculate the remainder when 29 is divided by f.
9
Suppose 3*u + 31 = 2*p + 1, 2*p + 5*u - 14 = 0. What is the remainder when p is divided by 7?
5
Suppose -3*l - 5*v + 13 + 4 = 0, -l = 5*v + 11. What is the remainder when l is divided by 8?
6
Let a(d) be the first derivative of -1 + 1/2*d**2 + d**3 + 2*d. What is the remainder when a(4) is divided by 14?
12
Suppose -5*a + 132 + 48 = 0. What is the remainder when a is divided by 13?
10
Let h(v) = -3*v - 8. What is the remainder when 29 is divided by h(-6)?
9
Suppose 2*y + 4 = -2, -3*y = -3*g. Calculate the remainder when 34 is divided by (12/(-7))/(g/21).
10
Let x(o) = -o**3 - 3*o**2 - 4*o - 9. Calculate the remainder when 183 is divided by x(-4).
22
Suppose 0 = 2*d - 45 - 47. What is the remainder when d is divided by (2/(-4)*1)/(2/(-96))?
22
Suppose 2*x + 2*x = 88. What is the remainder when 65 is divided by x?
21
Suppose -35 = -4*i - 3*t, t + 5 = -3*i + 5*i. Let o = -2 + 7. Suppose -2*b - 2*f = -4*f - 22, -o*f = -b + 19. Calculate the remainder when b is divided by i.
4
Let h(r) = -4 - 6 + 3 - 2*r - 4. Let x = 5 + -3. Calculate the remainder when h(-8) is divided by x.
1
Let r = 744 + -407. What is the remainder when r is divided by 20?
17
Let i = 196 - 138. Suppose -3*s = -19 - 11. What is the remainder when i is divided by s?
8
Suppose 0 = -2*b - 4 + 24. Suppose 98 = 5*f - 2*v, -2*f + 7*v = 2*v - 56. Calculate the remainder when f is divided by b.
8
Let k(c) = -c + 1. Let u be k(1). Let a(s) = s**2 - s + 46. Calculate the remainder when a(u) is divided by 3 - (-48)/2 - 3.
22
Calculate the remainder when 15 is divided by (-6 - -7)/((-1)/(-8)).
7
Let d be (-2497)/(-99) - (-2)/(-9). Suppose -2*t - d = -3*z - t, -2*t = 5*z - 27. Calculate the remainder when 12 is divided by z.
5
Let x = -68 + 95. Calculate the remainder when 51 is divided by x.
24
Let n = -23 - -41. What is the remainder when n is divided by 5?
3
Suppose 9 = 5*b - 21. Suppose -3*c + c + 4 = 0. Calculate the remainder when b is divided by c.
0
Suppose -2*n + 22 = -6. Calculate the remainder when n is divided by 335/65 - 2/13.
4
Calculate the remainder when 53 is divided by -3 + 18 + (-2 - -1).
11
Suppose 4*x = -4*i + 8, 5*i = 3*x + 2*i + 6. What is the remainder when 2 is divided by x/2 + -4 + 5?
0
Let d(t) = t**2 - 12*t - 7. Calculate the remainder when 17 is divided by d(13).
5
Suppose -g - 34 = -3*g. Suppose -5*y = -5*v + 45, 2 + 4 = -2*y. Calculate the remainder when g is divided by v.
5
Suppose 5*l - 354 = -2*k, 3*k = -5*l + 3*l + 146. Let x be l/15 + 2/(-3). Suppose 0 = 2*a - x*a + 4. What is the remainder when 7 is divided by a?
1
Suppose 5*t - 17 = -q, 3*q - 45 = -t + 34. Suppose -2*a - 2*b + 24 = 0, -5*b - 3 = 7. What is the remainder when q is divided by a?
13
Let t = 169 - 82. Suppose -5*b + 384 = 2*j, 0 = -b - 0*j + 3*j + t. What is the remainder when b is divided by 20?
18
Let j = -13 - -13. Suppose c + 3*r + 2*r - 33 = j, 4*r = 0. What is the remainder when c is divided by 9?
6
Suppose 169 + 223 = 4*v. Calculate the remainder when v is divided by 17.
13
Let f be 1920/(-33) - (-10)/55. Calculate the remainder when (5/(-10))/(1/f) is divided by 10.
9
Let o = 102 - 47. Let k be o - -1 - 2*-1. Suppose g + k = 3*z + 2*g, -52 = -4*z + 5*g. What is the remainder when 53 is divided by z?
17
Suppose y - 2*r = -6, -r = -3*r + 8. Calculate the remainder when 4 is divided by y.
0
Suppose -4 = -10*r + 6*r. Calculate the remainder when 1 is divided by r.
0
Let j(z) = 2*z**2. What is the remainder when 53 is divided by j(3)?
17
Suppose -1 + 7 = -2*f. What is the remainder when 25 is divided by 12 - (-4 - f - 1)?
11
Let y(i) = 15*i + 1. Calculate the remainder when y(3) is divided by 16.
14
Let u = -7 + 29. Calculate the remainder when u is divided by 5.
2
Let m(t) = -t + 7. Let q = 297 - 272. Calculate the remainder when q is divided by m(0).
4
Suppose 67 = 14*m - 3. Suppose 5*f - 2*f = -5*a + 103, -4*f - 4*a + 140 = 0. Calculate the remainder when (-2 + 3)/(2/f) is divided by m.
3
Let q(b) = 12*b - 1. Let d be q(3). Suppose -d = -3*t - 4*w, -2*t + 4*w + 16 = 3*w. What is the remainder when 17 is divided by t?
8
Suppose 4*r = 5*a, -3*a = -r - 7 - 0. Suppose 0 = -q + 4*i - 13 - 4, -r*q - 3*i + 30 = 0. Calculate the remainder when 6 is divided by q.
0
Suppose 2*h = g, 0 = h + 3*h - 16. Calculate the remainder when 30 is divided by g.
6
Suppose 0 = -0*q - 2*q + 8. Suppose q*d - w - 40 + 3 = 0, -5*d + 65 = 5*w. What is the remainder when d is divided by (2/(-4))/(1/(-12))?
4
Suppose -4*p - 7*x = -2*x + 15, p + x = -3. Suppose 2*z = -0*z - 3*y - 2, -3*y - 6 = p. Calculate the remainder when 2 is divided by z.
0
Let l = -151 - -271. Suppose -6*p + 11*p = l. Calculate the remainder when 95 is divided by p.
23
Let j be (-1)/(6/(-4))*3. Let z = 1085 - 1071. Calculate the remainder when z is divided by j/4 + 14/4.
2
Suppose -2*d = 2*d - 8. Suppose -a - 5*u + 40 = 0, u = -d*a - 2*u + 45. Calculate the remai